actors of w?
7
Let h be 30/135 + (-160)/(-9). Suppose h*j - 15*j = 195. What are the prime factors of j?
5, 13
Let h(m) = -m**3 - 5*m**2 + m + 7. Let d be h(-5). Suppose 0 = 5*s + k + 9, 3*s + d*s = -4*k - 21. What are the prime factors of 21/9*(4 + s)?
7
Let m = -636 - -1620. List the prime factors of m.
2, 3, 41
Let n be 0/(1/(-2)*2). Suppose n = -2*c - 2*c. Suppose -y + 39 = -c*m + m, -5*y - 43 = -2*m. What are the prime factors of m?
2, 17
Suppose -12*t + 2135 = -6685. Let u = t + -496. What are the prime factors of u?
239
Suppose -b + 24 + 13 = 0. Let s = b + -23. Suppose -4*u - 49 = -5*p, -3*u = -2*p - 0*u + s. What are the prime factors of p?
13
Suppose 542 + 460 = 6*h. Suppose -6*m + 103 + h = 0. List the prime factors of m.
3, 5
Suppose -25*z = -21*z - 8. Let y(i) = 3 + 0 + 2*i + 2*i**z - i**2. List the prime factors of y(-4).
11
Suppose 0*y = -2*y. Let v(a) be the first derivative of -a**3/3 - a**2/2 + 23*a + 4. What are the prime factors of v(y)?
23
Let o be (-38)/7 + (-6)/(-14). List the prime factors of (-22 - -42)*(0 - 42/o).
2, 3, 7
List the prime factors of 97995/60 - (-7)/(-28).
23, 71
Let l = -2151 - -3998. List the prime factors of l.
1847
Let m(c) = 2*c**2 - c + 1. Let d be m(-2). Let r(p) = -2 + 0*p - 4 + p**2 - 9*p. List the prime factors of r(d).
2
Suppose -4*l = 5*s - 656, -2*s + 492 = -l + 4*l. Suppose -839 + l = -5*p. What are the prime factors of p?
3, 5
List the prime factors of 9 + (-3 - -5688) + (-30)/5.
2, 3, 79
Suppose r - 3*s = 7, -121 = -5*r - 5*s + 14. Suppose 4*f - 144 = y, 3*y = 5*f + 4*y - 189. Let l = f - r. What are the prime factors of l?
3, 5
Let f(x) = x**3 + 7*x**2 + x - 5. Let t be f(-6). Suppose 28*w - t*w - 234 = 0. What are the prime factors of w?
2, 3, 13
Suppose -v = 3*v + 2*u - 70, 4*v + 3*u - 75 = 0. Let y = v - -14. List the prime factors of y.
29
Let n = 6 - 0. List the prime factors of 3/((-1)/n - (-2)/3).
2, 3
List the prime factors of (5/2)/(1 - (-9798)/(-9804)).
5, 19, 43
Suppose 5*r - 8571 = 5*g - 3*g, 5*g = -4*r + 6837. What are the prime factors of r?
3, 571
Let c = 195 + -232. Let j = 46 - -33. Let t = c + j. What are the prime factors of t?
2, 3, 7
Suppose 0 = 4*g - 221 + 37. Suppose 2*s + 2*k = g, 3*s + 2*s + 3*k - 115 = 0. What are the prime factors of s?
23
List the prime factors of (-970 - 2/1)/(-2).
2, 3
Suppose -2*i - 3*q + 18 + 16 = 0, 4*q = 0. Suppose o - i = -4*z, 3*o - 5*o = z - 6. List the prime factors of z.
2
Let t(o) = o**2 + 6*o + 4. Let x be t(-4). Let f be 0 + (-1 - (x - 1)). Suppose -z + 210 = f*z. What are the prime factors of z?
2, 3, 7
Let a = 237 + -156. Suppose d + o - 6*o = 33, -a = -3*d - 3*o. What are the prime factors of d?
2, 7
Let x = -301 - -827. What are the prime factors of x?
2, 263
Suppose 3*t + 5*q = -64, 5*t - t = 3*q - 124. Let o be 3/(24/t)*4. List the prime factors of 1/(-2) - 427/o.
2, 3, 5
Let i be 3/(0 - (-15)/20). Suppose -s = -3*p - i*s + 21, 4*p - 4 = 4*s. What are the prime factors of p?
2
Let a = -33 + 23. Let p = a - -14. Suppose -4 = p*z - 12. What are the prime factors of z?
2
Let v(i) = -i - 11. Let f be v(-9). Let g be f/(-2) - (-9)/3. Suppose 2*o = 4*o - g*s - 68, -4*s + 184 = 5*o. What are the prime factors of o?
2, 3
Let k = -435 - -847. What are the prime factors of k?
2, 103
Suppose 4*f + t = -0*t + 15, 0 = 4*f - 4*t. Suppose j = 4*l - 9, -f = -0*j + 3*j. Suppose -47 = -q + l. What are the prime factors of q?
7
Suppose 6 = 7*b - 5*b. Suppose q = 2*n + 75, 3*q + b*n - 133 - 47 = 0. What are the prime factors of q?
5, 13
Let t be 2*(1 + 1 + 0). Let z = -5 - -8. Suppose -2*l + 80 = 4*o, -t*o + 100 = o + z*l. What are the prime factors of o?
2, 5
Suppose d + 2*y = 343 + 122, -3*d - y = -1375. List the prime factors of d.
457
Let c = 5 + 39. Suppose c*z + 208 = 48*z. What are the prime factors of z?
2, 13
Let m = 49 - -454. What are the prime factors of m?
503
Suppose 0 = -11*u + 288 + 845. List the prime factors of u.
103
Let k = 55 + -51. Suppose -2*m + 199 = 3*z, -k*m - 5*z + 50 = -347. List the prime factors of m.
2, 7
Let j be 1/((8/6)/4). Let n = -32 - -40. Suppose -4*r - 7*x = -2*x - 117, -j*x - n = -r. What are the prime factors of r?
23
Let k(u) = -455*u - 269. What are the prime factors of k(-4)?
3, 11, 47
Let a(y) = 59*y**2 - 3*y + 12. List the prime factors of a(3).
2, 3, 89
Let j(z) = z**2 - 9*z + 11. Let h be j(8). Suppose 0 = -h*p + 112 + 47. List the prime factors of p.
53
Let w = -31 - -27. Let p be (-1 + -3)/8*w. Let z = p + 5. List the prime factors of z.
7
Suppose 0 = -6*i + 21 + 105. List the prime factors of i.
3, 7
Suppose -5*k - 2*r = -6*r - 414, 238 = 3*k - 5*r. Let y = k + 70. List the prime factors of (-3)/(y/(-50) - -3).
5
Suppose -n + 945 = 4*n. List the prime factors of n.
3, 7
Let j be 2 - (3 - -2)*-47. Let v = j + -141. What are the prime factors of v?
2, 3
Let r(v) = v + 18. Let l be r(0). List the prime factors of ((-12)/l)/((-254)/126 + 2).
2, 3, 7
Let r(j) = -26*j + 80. What are the prime factors of r(-16)?
2, 31
Let m = 2151 - 609. List the prime factors of m.
2, 3, 257
Suppose 859 = -2*j + 2527. What are the prime factors of j?
2, 3, 139
Let m = -21 + 39. Let k(f) = 5*f**2 - 3*f + 13. Let z be k(4). List the prime factors of m/z + (-428)/(-18).
2, 3
Let h be 75/(-2)*(-544)/(-51). Let v = -282 - h. List the prime factors of v.
2, 59
Suppose 2*a = 108 - 40. Let h = 6 - a. Let f = h - -52. List the prime factors of f.
2, 3
Let j(c) = -48*c**3 - 11*c**2 - 2*c - 4. List the prime factors of j(-3).
11, 109
Let j(m) = 2*m**2 + 17*m + 21. Let c be j(-7). Suppose -46*a + 45*a + 273 = c. What are the prime factors of a?
3, 7, 13
What are the prime factors of 311332/126 - (-30)/27?
2, 3, 103
Let u(l) = 353*l**3 + 3*l**2 + 2*l - 14. What are the prime factors of u(2)?
2, 3, 157
Let v(q) = -q - 4. Let x be v(-6). Suppose -3*a = -x + 5. List the prime factors of 4 + (-4)/(5 + a).
3
Suppose 5*i + 2*v - 19 = 0, 5*i - 4*v - 37 = -0*i. Suppose i*w = n + 16, -6*w + w + 5*n = 0. Let d = w - 1. List the prime factors of d.
3
Let h = 1838 - -255. List the prime factors of h.
7, 13, 23
Let a(i) = -393*i - 441. List the prime factors of a(-6).
3, 71
Let q(s) = 21*s - 2. Let c = -28 - -27. Let m be q(c). Let j = 50 + m. What are the prime factors of j?
3
What are the prime factors of (-805)/1*((-352)/55 - -4)?
2, 3, 7, 23
Let n(j) = -32*j + 14. List the prime factors of n(-7).
2, 7, 17
Suppose -23 + 5 = -6*u. Suppose n - 1 = -g + 2*n, -n = -u*g + 5. What are the prime factors of g?
2
Let j(q) = q**2 + q. Let b(n) = 3*n**2 + 14*n - 12. Let h(z) = -b(z) + 4*j(z). List the prime factors of h(14).
2, 17
Suppose -19*d + 41674 = -17074. What are the prime factors of d?
2, 773
Let w(u) = 83*u**2 + 4*u - 4. Let f be w(2). Suppose -8*b + f = -184. What are the prime factors of b?
5, 13
Let m = -198 + 877. List the prime factors of m.
7, 97
Suppose -5 - 20 = -5*j. Suppose 4*n + 3 = -5*f - 11, 2*n - j*f - 8 = 0. List the prime factors of 1/(n/((-51)/3)).
17
Let r = 95 - 76. Suppose -r = -v + 126. What are the prime factors of v?
5, 29
Let r(c) = -c**2 + 11*c + 4. Let m = -28 - -18. Let k = m - -21. List the prime factors of r(k).
2
Let a = 1319 + -180. What are the prime factors of a?
17, 67
Let g(j) be the second derivative of 29*j**4/12 - 4*j**3/3 - 4*j**2 - 8*j. List the prime factors of g(-1).
29
Suppose n = -58 + 774. Suppose 2*q + 2*q + 172 = j, 4*j - n = 2*q. What are the prime factors of j?
2, 3, 5
Let n(q) = 4*q**2 + 5*q + 7. Let y be n(-4). Let b = -30 + y. What are the prime factors of b?
3, 7
Let a(c) be the second derivative of c**5/10 + c**4/2 - c**3/6 - 5*c**2/2 - 2*c. Let w be a(-4). Let x = w + 55. List the prime factors of x.
2, 11
Let a = 313 + -215. Let g = -154 + a. Let k = -7 - g. List the prime factors of k.
7
Let s be 6/8 - 637/(-4). Suppose 0 = -16*r + 11*r + s. What are the prime factors of r?
2
Let m(s) be the third derivative of -s**6/120 + s**5/6 - s**4/4 - s**3 + 2*s**2. Suppose -18*w + 7*w + 99 = 0. What are the prime factors of m(w)?
3, 7
Suppose 5*c - 19 = a, 3*a - c = 1 - 2. Let t be 2/(-2) + a + 2. Suppose -f + 42 = t*f. What are the prime factors of f?
2, 7
Suppose 0 = -3*u - 5*p + 1168, -52*p + 51*p + 390 = u. What are the prime factors of u?
17, 23
Let b be (-4)/(-6) - 6/9. Let d(y) = -